-441?
-446
In base 10, what is 4 + 2327?
2331
In base 5, what is -3 + 10403?
10400
In base 2, what is 10 - 1001010111?
-1001010101
In base 6, what is 1 - -230?
231
In base 12, what is 1 + 820?
821
In base 6, what is -2 + -4100?
-4102
In base 10, what is 19 - -326?
345
In base 7, what is 5 - -400?
405
In base 14, what is -5 + -825?
-82a
In base 13, what is 8 - -a7?
b2
In base 5, what is 41401 - -2?
41403
In base 6, what is 312 + -4?
304
In base 7, what is 1636 - -10?
1646
In base 11, what is -67 + -4a?
-106
In base 15, what is 1 + 897?
898
In base 5, what is -10141 - -4?
-10132
In base 6, what is -4 - -1505?
1501
In base 12, what is -375 + 1?
-374
In base 13, what is -a48 - -1?
-a47
In base 13, what is -6 + 27?
21
In base 8, what is 5 + -2205?
-2200
In base 16, what is d63 + -2?
d61
In base 2, what is 10 + 10101?
10111
In base 4, what is 3 + 1201?
1210
In base 6, what is -25 + -141?
-210
In base 15, what is -4 - -27?
23
In base 11, what is -877 + a?
-868
In base 7, what is -24055 - 1?
-24056
In base 12, what is 2a0 - 2?
29a
In base 14, what is -48 - -13?
-35
In base 13, what is 4 + 1565?
1569
In base 8, what is -1016 - 2?
-1020
In base 2, what is 11101010 + -10?
11101000
In base 16, what is 3 - -7d8?
7db
In base 10, what is -18 + -26?
-44
In base 8, what is -6 + -453?
-461
In base 16, what is d + 5b0?
5bd
In base 13, what is -4 - -305?
301
In base 10, what is 1 + 61?
62
In base 12, what is 0 - -22?
22
In base 5, what is -3 - 112?
-120
In base 9, what is -6 - -27?
21
In base 15, what is 2e - 16?
18
In base 8, what is -3 + -7771?
-7774
In base 15, what is 131 + -18?
118
In base 6, what is -12 + -12?
-24
In base 15, what is 53d + -6?
537
In base 8, what is -25372 - 1?
-25373
In base 6, what is 12130 + -1?
12125
In base 9, what is 4 + 11?
15
In base 13, what is 23c + 1?
240
In base 10, what is -5 - -1081?
1076
In base 3, what is -122 - -11110?
10211
In base 16, what is -8a + 5?
-85
In base 16, what is 4a - -4?
4e
In base 2, what is 10100000010 - -101?
10100000111
In base 5, what is -2 - 1033?
-1040
In base 10, what is 5 - -5440?
5445
In base 4, what is 1312 + 2?
1320
In base 9, what is -483 - -15?
-467
In base 11, what is -725 - 0?
-725
In base 11, what is -4 - -12?
9
In base 10, what is -10 + -31?
-41
In base 12, what is -58 - 71?
-109
In base 11, what is 6 - 9a3?
-998
In base 4, what is -1203 - -1?
-1202
In base 5, what is 1 - 1223?
-1222
In base 4, what is 1300 + -1003?
231
In base 7, what is -13355 + 5?
-13350
In base 14, what is 5a + -4?
56
In base 8, what is 1073 + -4?
1067
In base 10, what is 4 - 16?
-12
In base 3, what is 21 + -111?
-20
In base 3, what is -101212 + -12?
-102001
In base 13, what is -122 + -5?
-127
In base 4, what is -1101 - 121?
-1222
In base 7, what is 14 - -541?
555
In base 9, what is -644 - -2?
-642
In base 7, what is 4 - 1324?
-1320
In base 9, what is 346 - -4?
351
In base 11, what is -12723 + -3?
-12726
In base 16, what is -5 - 687?
-68c
In base 14, what is -332 - -2?
-330
In base 14, what is 51a + 5?
521
In base 10, what is 1 - -62?
63
In base 3, what is 2 + -10111?
-10102
In base 6, what is -201 + 134?
-23
In base 14, what is 8 + 21?
29
In base 8, what is 2 - -141?
143
In base 8, what is 0 + 24?
24
In base 9, what is -24 - 13?
-37
In base 4, what is -3 - 1133?
-1202
In base 8, what is 334 + 0?
334
In base 13, what is -3 + 2157?
2154
In base 14, what is -123 + -2?
-125
In base 8, what is 5 + 1322?
1327
In base 5, what is 441 - 3?
433
In base 7, what is 2 - -52?
54
In base 4, what is -30 - 1201?
-1231
In base 16, what is -d - -a?
-3
In base 2, what is -11101000 - -11000000?
-101000
In base 14, what is 4 - 3542?
-353c
In base 9, what is -3 + -14?
-17
In base 16, what is 12 + -5?
d
In base 9, what is -24 + -111?
-135
In base 4, what is 21222 - -32?
21320
In base 12, what is -3 - 821?
-824
In base 10, what is -819 + 3?
-816
In base 16, what is -2 + -4?
-6
In base 14, what is -3a1 - -3?
-39c
In base 12, what is -5 - 57?
-60
In base 13, what is -ab - -5?
-a6
In base 16, what is 35 + 3?
38
In base 6, what is 4 - -20003?
20011
In base 16, what is 113 + -9?
10a
In base 15, what is -a7c - -4?
-a78
In base 8, what is -33 + 475?
442
In base 16, what is -3 - a5d?
-a60
In base 11, what is -2 - 540?
-542
In base 15, what is -11 + -1?
-12
In base 3, what is 0 + -2011?
-2011
In base 8, what is -2 - 1301?
-1303
In base 15, what is -5 + -a?
-10
In base 10, what is 2 - 56?
-54
In base 15, what is 2 + -31?
-2e
In base 2, what is 101000001101100 + 10?
101000001101110
In base 12, what is -1172 + 3?
-116b
In base 15, what is -3 - 19?
-1c
In base 2, what is -11 - -100101?
100010
In base 9, what is -8 + -2702?
-2711
In base 11, what is 2 - 3a?
-38
In base 9, what is 215 - -7?
223
In base 11, what is -2 - 248a?
-2491
In base 7, what is -3 + 124?
121
In base 2, what is 100 - 10010011?
-10001111
In base 6, what is -14331 - 11?
-14342
In base 6, what is 20 - -5?
25
In base 16, what is 1 - -e30?
e31
In base 2, what is 1 + -1010101?
-1010100
In base 4, what is -3 + 10?
1
In base 14, what is 4 + -160?
-15a
In base 14, what is 3 + -80?
-7b
In base 7, what is -144 + -4?
-151
In base 3, what is -1 - 120210?
-120211
In base 10, what is -5 - 11?
-16
In base 11, what is -75 - 10?
-85
In base 13, what is 14 - -6?
1a
In base 15, what is -2 - -c?
a
In base 3, what is 100120 - -1012?
101202
In base 6, what is -3 + 123?
120
In base 13, what is -39 + -7?
-43
In base 9, what is -213 - 4?
-217
In base 2, what is 100010110 + -11?
100010011
In base 8, what is 11763 - -1?
11764
In base 4, what is -13 - 1030?
-1103
In base 4, what is -311 - 23?
-1000
In base 15, what is 5 - -110?
115
In base 7, what is 51246 - 0?
51246
In base 10, what is -38 + -142?
-180
In base 8, what is 77 + 226?
325
In base 5, what is 10 + -110?
-100
In base 10, what is 1 - -742?
743
In base 5, what is -1103444 + -2?
-1104001
In base 9, what is -36 - 0?
-36
In base 3, what is -20 - -2?
-11
In base 11, what is 173 + 4?
177
In base 7, what is 3 - -164?
200
In base 2, what is -101 + 11001?
10100
In base 13, what is -1 - 1c?
-20
In base 8, what is 135 + 5?
142
In base 9, what is -7 - -26?
18
In base 7, what is 0 + -3241?
-3241
In base 3, what is 1101001 - -120?
1101121
In base 15, what is -c239 - 2?
-c23b
In base 4, what is -2 + 2321?
2313
In base 15, what is 83 - -4?
87
In base 2, what is 100001 + 10101001?
11001010
In base 10, what is 101 + 3?
104
In base 5, what is 4 - 323?
-314
In base 2, what is -11000 - -100011?
1011
In base 3, what is 2010121000 - 10?
2010120220
In base 8, what is -57 - -7?
-50
In base 12, what is 28b - 3?
288
In base 10, what is 41 - 5?
36
In base 8, what is -1 + 1645?
1644
In base 9, what is -82 + 17?
-64
In base 3, what is 10 + -21222?
-21212
In base 11, what is 1 - 95?
-94
In base 2, what is -110 - -11?
-11
In base 11, what is 6 - -209?
214
In base 16, what is -287 + -4?
-28b
In base 7, what is 4 - -13?
20
In base 4, what is -11 - 1023302?
-1023313
In base 11, what is -17a - 11?
-190
In base 12, what is 134b + -1?
134a
In base 4, what is -132020 + -12?
-132032
In base 14, what is 0 - 2c?
-2c
In base 12, what is 2 + -213?
-211
In base 10, what is -6 + -6?
-12
In base 2, what is 100010 - 1100010101?
-1011110011
In base 13, what is 2 - 2?
0
In base 3, what is -10 + -1220?
-2000
In base 11, what is 1414 - 2?
1412
In base 11, what is -4 - 76?
-7a
In base 8, what is -11333 + -3?
-11336
In base 13, what is -2 - -28?
26
In base 11, what is 187 + 4?
190
In base 5, what is -122 + -42?
-214
In base 8, what is 43 + -3?
40
In base 11, what is -1290 + 2?
-1289
In base 2, what is -111001 - -100?
-110101
In base 4, what is 33113 - 3?
33110
In base 16, what is 5 + 1?
6
In base 11, what is -3 + 195?
192
In base 4, what is 33223 - -11?
33300
In base 5, what is -10 + -12222?
-12232
In base 16, what is -5 + 3?
-2
In base 12, what is 230 + 1?
231
In base 10, what is -3 - 68?
-71
In base 12, what is 7 - 45?
-3a
In base 12, what is 331 - -2?
333
In base 10, what is 7851 + 3?
7854
In base 16, what is -7 + -4?
-b
In base 13, what is -1b + 208?
1ba
In base 3, what is -110 - 220201?
-221011
In base 15, what is -102c + 3?
-1029
In base 8, what is -23 + 5?
-16
In base 12, what is -3 - 1013?
-1016
In base 7, what is 10 - -55?
65
In base 3, what is -1010 - 110202?
-111212
In base 5, what is -23430 - 